8 = 52*n + 4*j. Calculate the highest common factor of 899 and n.
31
Let v be (-2 + 12/8)*-36. Let d be -78 + 76 + ((-1)/(-1) - -163). Calculate the highest common factor of v and d.
18
Suppose -31*v = -33*v - 192. Let b = v - -187. Calculate the highest common factor of b and 28.
7
Let v be 1/(-11) - 1485148/(-2233). Calculate the greatest common factor of v and 399.
133
Suppose 4251 = 187*h + 4*h - 2243. Calculate the greatest common factor of h and 1054.
34
Suppose -398 = -2*z - 2*n, 5*z = -4*n + 378 + 619. What is the highest common divisor of z and 3283?
67
Suppose 0 = 2*g - 20 + 14. Suppose -g*x = 9, -833 = -2*p + 27*x - 26*x. What is the greatest common divisor of 166 and p?
83
Suppose 2*q + 23*k - 18*k - 1630 = 0, 0 = -5*q - 4*k + 4058. Let d = q - 792. Calculate the greatest common divisor of 102 and d.
6
Let z(w) = w**3 - 12*w**2 + 33*w - 22. Let x be z(9). Let m(f) = f**2 + 3*f - 26. Let p be m(-7). What is the highest common divisor of p and x?
2
Let i = -524 + 934. Suppose 3*o + 2*j - 3*j - i = 0, 3*j = -4*o + 525. Calculate the greatest common factor of o and 45.
45
Suppose -156 = -7*b + 3*b. Let l = 1823 - 1797. What is the greatest common divisor of l and b?
13
Suppose 2*t + 0*t = -r + 3, -15 = -5*r - 5*t. Let g be r*1*2*150/20. Suppose 10*f - 7*f = 27. What is the greatest common factor of f and g?
9
Suppose -24*l - 168 = -20*l. Let m = l - -44. Suppose -72 = m*c - 10*c. What is the greatest common divisor of c and 72?
9
Suppose -2*r - 5*b - 67 = -0*r, 2*r = 5*b - 77. Let s = 41 + r. Suppose 0 = i - 2*z - 2, 3*i + s*z + 4 = 5*i. What is the highest common divisor of i and 1?
1
Suppose -m = 32*m + 6*m - 315042. What is the greatest common divisor of m and 14?
14
Let n(l) = 41*l + 207. Let t be n(-9). Let a = -138 - t. Calculate the greatest common factor of 444 and a.
12
Let i = -4883 - -6243. What is the highest common factor of i and 1190?
170
Let b be 1*-4*-1*(-276)/(-48). Let z be 1*18/12*(-1 + b). Let w = z - 3. What is the highest common divisor of 12 and w?
6
Let g = 11075 - 9667. What is the highest common divisor of g and 99?
11
Suppose 3*t = 2*s + 7, -7*t + 8 = -3*t - 3*s. Let f be 12/(-21) - (-265)/35. Let m = t + f. Calculate the greatest common factor of m and 4.
4
Suppose 174*r + 105696 = 373482. Calculate the highest common factor of r and 114.
57
Let b = 701 - 1134. Let k = -331 - b. What is the highest common divisor of k and 3?
3
Suppose -2*r - 451 = -q - 5*r, -3*r - 2255 = -5*q. Let h(p) = -375*p + 2647. Let n be h(7). What is the highest common factor of n and q?
11
Suppose 0 = -2*n - 4*q + 12, -3*n + 5*q + 0*q + 73 = 0. What is the greatest common divisor of 512 and n?
16
Let d be 477 + 7 + (5 - 6)*4. Calculate the highest common divisor of 390 and d.
30
Let c = -33 - -66. Let a = -3514 - -3547. What is the greatest common factor of c and a?
33
Let b(o) = 266*o - 2269. Let c be b(9). Calculate the highest common factor of c and 1800.
25
Let u = -96 - -100. Let x(h) = -5*h + u*h + 2 + h + h. Let n be x(0). What is the greatest common divisor of 18 and n?
2
Let c = 6714 + -2358. Calculate the highest common factor of 18 and c.
18
Let g = -37 - -40. Let a be 1*(33 - g)/(-3). Let t = a - -12. What is the greatest common divisor of t and 5?
1
Let k(s) = -s**2 + 7*s + 2. Let o be k(7). Let z = -191 - -65. Let x = 128 + z. What is the greatest common divisor of x and o?
2
Let g be 3/((-9)/(-530)) + 1/3. Suppose -3*x + 51 = -g. Calculate the highest common factor of 4 and x.
4
Suppose 10 = 2*o, -3*x - 5*o - 28 = -197. Calculate the highest common factor of 912 and x.
48
Suppose a - 20 = 82. Suppose 2*m = 5*h + 193, m + 3*h = -0*m + a. Suppose 37*w - 33*w = -4*r + 24, 2*r = 2*w + 32. What is the highest common factor of m and r?
11
Let v be ((-4)/(-6)*6/10)/(9/19125). What is the highest common factor of 100 and v?
50
Let n(i) = i**3 - 11*i**2 - 11*i - 12. Suppose 0 = -6*r + 3*r + 36. Let g be n(r). Suppose -d + 2*d - 20 = g. What is the highest common factor of 5 and d?
5
Suppose 2*w + 492 = -w. Let h be ((-14)/56)/((1/w)/1). Let u be ((-205)/(-2))/((-6)/(-12)). Calculate the greatest common factor of h and u.
41
Let h(d) = 24*d - 1354. Let o be h(66). What is the highest common divisor of 4554 and o?
46
Suppose 166*b = 144*b + 11880. What is the greatest common divisor of b and 1440?
180
Let b = 6369 + -6213. Calculate the greatest common factor of b and 36.
12
Suppose a + 504 = 3*j + 141, 3*a + 249 = 2*j. Suppose -o + 196 = 4*m, -m + 75*o - 72*o + 62 = 0. What is the greatest common factor of j and m?
10
Let a(v) = 9*v + 580. Let n be a(-52). What is the greatest common divisor of n and 56?
56
Let w = -47 - -46. Let j(f) = f. Let q(a) = -a - 25. Let l(b) = w*q(b) + 5*j(b). Let x be l(5). What is the highest common factor of x and 11?
11
Let h be (-15 + 13)*9 - -6466. What is the greatest common divisor of 78 and h?
26
Suppose -l + 44 = -4*v, -19*l - v = -17*l - 115. Suppose -3*x - 400 = -2*p + x, 395 = 2*p - 5*x. What is the highest common factor of l and p?
14
Suppose -373*o + 1785 + 2318 = 0. Suppose 0*m + 165 = 5*m. What is the highest common factor of o and m?
11
Let l(i) = -i**3 + 13*i**2 - 8*i + 28. Suppose 4*b = -4, -2*b = o - 3*o + 22. Let s be l(o). Calculate the greatest common factor of 62 and s.
62
Let s be -2*5/20*0. Suppose s = 6*q - 18*q + 1176. What is the greatest common factor of 49 and q?
49
Suppose w = 4*z - 5*z + 246, 3*w - 18 = 0. Calculate the greatest common divisor of z and 290.
10
Suppose 0 = 2*x + 7*g + 290 - 1504, 4*g - 3089 = -5*x. What is the highest common factor of x and 115?
23
Suppose 5*a - s - 54 = 0, -3*a - 5*s - 18 = -84. What is the highest common factor of 32988 and a?
12
Let w = 41184 - 41156. Let x(b) = 13*b**2 + 2*b - 7. Let c be x(-5). Calculate the greatest common divisor of c and w.
28
Let x be (-1 - (0 + 3)) + 13. Suppose -5*d = -x*d + 56. Let u = d - 13. What is the greatest common factor of u and 4?
1
Let d = -19 - -46. Suppose 27*x = 48*x + 17*x + 17*x - 1485. What is the highest common factor of d and x?
27
Suppose 18*o + 95 = -121. Let d be (-3 - o)/(-3) + 171. What is the highest common factor of 96 and d?
24
Let v = -331 + 275. Let f = 86 + v. What is the highest common factor of f and 480?
30
Let q(o) = 5*o + 5. Let w(f) = -38*f + 6. Let a be w(-3). Suppose a = 9*u + 30. Let k be q(u). Calculate the greatest common factor of 5 and k.
5
Suppose 81842 = 20*k - 80998. What is the highest common factor of 69 and k?
69
Suppose 5*n - 255 = -2*y, 0 = -5*y + 3*n + 712 - 90. Let w = 75 - y. Let h = 85 + w. What is the highest common factor of 14 and h?
7
Let x = 40 - 180. Let g be (x/(-5))/4*(-24)/(-7). Let d = -6 - -14. Calculate the greatest common factor of g and d.
8
Let y = 172 + -114. Let g be (y/2)/(30 - 29). What is the highest common factor of g and 377?
29
Let z(l) = -5*l**3 + 6*l**2 - 2*l - 4. Let f be z(3). Let x be (28 - (-3 + 2))*-1. Let g be (1 + x)*858/f. What is the highest common divisor of 24 and g?
24
Suppose 9*u = 24*u - 360. Suppose -u = 1013*q - 1015*q. Calculate the greatest common factor of 21 and q.
3
Suppose 0 = -557*s + 697*s - 140. Let q(t) = t**3 - t**2 - 2. Let j be q(3). What is the highest common divisor of s and j?
1
Let r = 379 + -61. Suppose 0 = -4*l + 4*y + 408, 3*l + 0*l - r = -3*y. Calculate the highest common factor of 143 and l.
13
Suppose -300 = 189*c - 194*c. Calculate the greatest common factor of 75 and c.
15
Let k = -2352 + 3570. Let s(p) = -p**2 + 25*p + 152. Let b be s(30). Let t be (((-16)/12)/b)/((-4)/k). What is the greatest common divisor of t and 29?
29
Suppose -26*w = -53 + 1. Suppose -w*x = 5*v - 6654, 0*x - 3988 = -3*v + x. Calculate the highest common divisor of v and 14.
14
Let y be (-80)/(-6)*-6*(-154)/112. Calculate the highest common divisor of y and 130.
10
Let u be 4 + 2 - (0 - -1). Let b(w) = 29*w - 56. Let a be b(2). Suppose -27 = -u*q + a*q. What is the greatest common factor of 45 and q?
9
Let q = 4128 + -3796. What is the greatest common divisor of 1162 and q?
166
Let j = 31383 + -10985. What is the highest common divisor of 94 and j?
94
Let j = -2837 - -2907. Calculate the greatest common divisor of 320 and j.
10
Let g be 3*1*(-2)/6*-3. Let m be -214*(-2)/4 - (0 + g). Let l be (-4)/((-8)/6) + 10.